)*21/(-24)*6?
57
Suppose -4*v + 8*v - 36 = 0. Suppose -2*o + 38 = k, -2*k - 3*o + 109 = 30. What is the remainder when k is divided by v?
8
Let q(v) = 2*v + 0 + 2*v**2 - 3*v**3 - 4*v**2 + 1. Let b be q(-3). Suppose 4*g = -f - 0*g + 31, 5*g + b = f. Calculate the remainder when f is divided by 11.
10
Let q be 14/2 - 10/1. Suppose 5 = -l - o + 3, -l = -3*o - 14. What is the remainder when l/(-1) + (-216)/q is divided by 18?
16
Let c = 267 + -137. Suppose t - 3*t + c = 0. What is the remainder when t is divided by 17?
14
Suppose -p = 2*b - 7 - 138, 2*b - 5*p = 127. Let t = b - 16. Let x(r) = -2*r**3 - 2. What is the remainder when t is divided by x(-2)?
13
Suppose 530 = -2*a + 1030. Calculate the remainder when a is divided by 18.
16
Let f(n) = -15*n**3 + 2*n**2 + 5*n - 2. Calculate the remainder when f(-3) is divided by 8.
6
Let r = 20 - 14. Suppose 0*y - 82 = -5*y - 2*m, -m = -y + 15. What is the remainder when y is divided by r?
4
Let n(f) = -f**3 + 9*f**2 + 15*f + 4. Let h be n(10). Suppose 11*s = 14*s - h. Calculate the remainder when 35 is divided by s.
17
Suppose 4*z - 2*z - 4 = 0. Suppose -4*x = -5*d - 209, 3*x - 283 = -z*x - d. What is the remainder when x is divided by (-1)/(-3 + (-308)/(-105))?
11
Suppose -185 = -7*g + 347. What is the remainder when g is divided by 11?
10
Let y be 33/15 - 5/25. Let b(h) = h**2 + 2*h - 2. What is the remainder when 11 is divided by b(y)?
5
Let p(r) = -2*r - 22. Let y be p(-11). Suppose y*k + 4*k = 144. Suppose j - 15 = -u, 0*j - j - 5*u + 23 = 0. Calculate the remainder when k is divided by j.
10
Suppose 0 = -n - 5*u - 3, 3*n - 4*u - 29 = 0. Calculate the remainder when n is divided by 6.
1
Suppose -5*o + 728 = -2*k - k, 3*k = 2*o - 293. Suppose 1157*p - 370 = 1147*p. What is the remainder when o is divided by p?
34
Let l = 36 + -20. Let n(h) = h**3 + 20*h**2 - h + 74. What is the remainder when n(-20) is divided by l?
14
Let p = -184 + 220. What is the remainder when p is divided by 20?
16
Let v = -544 - -568. Calculate the remainder when 35 is divided by v.
11
Let v = 25 + -19. Let h = v - 11. Calculate the remainder when 1 + (-5)/h + 68 is divided by 12.
10
Let h = 107 + -172. Let f be 5/(100/(-12))*h. Suppose 5*c - 26 - f = 0. Calculate the remainder when 50 is divided by c.
11
Let n = -9 + 24. Let y(q) = -3*q + n + 4*q - 2. What is the remainder when y(-6) is divided by 2?
1
Let v be (2/4)/1*(430 - 434). Suppose 5*o = -10, 4*u - 2*o + 6*o = 4. What is the remainder when (-3 + -13)/v - u is divided by 2?
1
Let s(n) = 2*n + 4. Suppose 4*g - 10 = 2*g. Let i(t) = 2*t**2 - 3*t - 4. What is the remainder when i(-4) is divided by s(g)?
12
Let p be -6*(-5)/(-10)*-1. Calculate the remainder when 34 is divided by ((-13)/p)/((-8)/24).
8
What is the remainder when ((-91)/10 + (-22)/(-220))/(1/(-9)) is divided by (-2)/(-4) - 83/(-2)?
39
Let p(u) = u**3 + 8*u**2 - 7*u + 1. Let w be ((-54)/(-15))/((-18)/(-1020)). Suppose -w = -12*h + 6*h. Calculate the remainder when p(-7) is divided by h.
31
Let l(g) = g**2 + 15*g - 9. Calculate the remainder when 41 is divided by l(-16).
6
Suppose -22*j = -2371 + 17. Calculate the remainder when 634 is divided by j.
99
Let v(x) = 4*x**2 + 5*x + 7. Let j = -27 + 23. Calculate the remainder when v(j) is divided by 14.
9
Suppose -4*b + 6*b - 117 = -5*z, -3*z - 3*b + 72 = 0. What is the remainder when 135 is divided by z?
20
Let a(z) be the first derivative of 5*z**3/3 + z**2 - 5*z - 14. Calculate the remainder when a(4) is divided by 12.
11
Let y(u) = 145*u - 321. Calculate the remainder when y(11) is divided by 51.
50
Suppose 2*p + r - 4 = 2*r, -r - 4 = 0. Suppose p = -5*q + q - 12. What is the remainder when (6 - 86)/(q + 2) is divided by 21?
17
Calculate the remainder when (132/(-110))/(2/(-490)) is divided by 33.
30
Let s = 1130 + -1117. Calculate the remainder when 191 is divided by s.
9
Let j(m) be the first derivative of -m**3/3 + 13*m**2/2 + 18*m - 13. What is the remainder when 68 is divided by j(13)?
14
Let a be (-132)/(-34) - (-10)/85. Suppose -3*j + 3*d = d - 42, -a*d = j. Calculate the remainder when 46 is divided by j.
10
Suppose -9*o - 5175 = -18*o. Calculate the remainder when o is divided by 17.
14
Let h(m) = m**2 - 33*m - 215. What is the remainder when h(-8) is divided by 20?
13
Let i = 7 + -1. Let g be (i/12)/(1/2). Suppose -k + 17 - g = 0. What is the remainder when k is divided by 9?
7
Suppose -u = 2 - 4. Let n = 33 - 15. Suppose 0 = -4*d + 8, -4*d = w - u*d - n. What is the remainder when 40 is divided by w?
12
Suppose -3*n - 2*n = -4*r + 14, r + 3 = -2*n. Calculate the remainder when (-12)/(-10) - r - 338/(-10) is divided by 7.
6
Let w = 18 + -14. Let m be (-996)/(-33) + w/(-22). Let o = -8 + m. What is the remainder when 41 is divided by o?
19
Let s = 339 + -285. Calculate the remainder when 754 is divided by s.
52
Suppose -6*x + 0*x = -408. Calculate the remainder when x is divided by 5.
3
Let y be (-3 + 7)*798/(-8). Calculate the remainder when -1 - (y/9)/((-1)/(-3)) is divided by 27.
24
Calculate the remainder when 49 is divided by (-6)/(-8)*(154/66 + 11).
9
Let y = 998 - 965. Let s be -1*(-1*3)/(-3). Let t = s - -10. Calculate the remainder when y is divided by t.
6
Suppose -9 = -61*z + 1211. Calculate the remainder when 67 is divided by z.
7
Suppose 2*t + 208 = 238. Suppose -3*s - 146 = -5*s. What is the remainder when s is divided by t?
13
Calculate the remainder when (-1 - 81/(-90)) + (-6324)/(-40) is divided by 20.
18
Suppose -147*o + 142*o - 394 = -4*k, 3*k + o - 305 = 0. Let d(a) = -2*a**3 + a + 1. What is the remainder when k is divided by d(-2)?
11
Let y(n) = n**2 - 5. Let o be y(4). Suppose -2*c - 4 = -4*h, -5*h + 4*h + 3*c = -o. Let g(i) = 6*i**2. Calculate the remainder when 10 is divided by g(h).
4
Let j = -747 - -824. What is the remainder when j is divided by 42?
35
Let d be 2*(9/(-6) - 0). Calculate the remainder when 20 is divided by (-86)/(-8) + d*(-2)/24.
9
Suppose -3*u = u + 3*l - 155, 4*u - 5*l - 147 = 0. Let m = 11 - -2. What is the remainder when u is divided by m?
12
Let z = 38 - 33. Suppose -3*s + 97 = z*k, -7 + 114 = 3*s - 5*k. Let g = 77 - s. What is the remainder when g is divided by 23?
20
Suppose 159 = 8*j + 55. Let z = -20 + 23. What is the remainder when j is divided by z?
1
Let m = -1176 + 1331. What is the remainder when m is divided by 8?
3
Suppose 22*v - 440 = 12*v. Calculate the remainder when v is divided by 26.
18
What is the remainder when 115 is divided by -3*((-35)/(-7) + -18)?
37
Let b be (3/(-2))/(2/4) - -20. Suppose 3*l - b = 100. Suppose 2*k = 4 + 36. Calculate the remainder when l is divided by k.
19
Let y(w) be the first derivative of 15*w**2/2 + 13*w - 8. Let b(v) = -7*v - 6. Let q(u) = -5*b(u) - 2*y(u). Calculate the remainder when 55 is divided by q(3).
17
Suppose 1017*b - 1022*b = -1035. What is the remainder when b is divided by 8?
7
Suppose 2*t + 4*j = 6, -4*j = t - 3*t - 2. Suppose 5*k + 13 = 4*k. Let f = t - k. What is the remainder when 25 is divided by f?
11
Suppose -t + 29 = 39. Let l(n) = n**2 - 2*n - 2. What is the remainder when l(t) is divided by 24?
22
Let b(l) = l**3 + 8*l**2 - 12*l - 6. Let m be b(-9). Suppose z + 2*z + r = 6, -5*r = -2*z + m. What is the remainder when (z - 1)/((-12)/(-18)) is divided by 3?
0
Let n be ((-4)/6)/(2/(-63)). Suppose -n = -3*t + 63. What is the remainder when t is divided by 15?
13
Let n(o) = 2*o**2 + 25*o + 49. Suppose q = -1, -2*q + 5 = 4*x - 1. Suppose 0 = -b + 10 - x. What is the remainder when n(-12) is divided by b?
5
Suppose 3*z - 8*z = -5*o - 155, 0 = -o - 2. Calculate the remainder when z is divided by 6.
5
Let m(v) = v**2 - 10*v - 53. Calculate the remainder when m(-9) is divided by 19.
4
Suppose w - 48 = -5*r + 11, w = -4*r + 58. Calculate the remainder when w is divided by 19.
16
Suppose -v - 14 = -3. Let d = -99 - -119. Let z = v + d. What is the remainder when 15 is divided by z?
6
Suppose -3*s + 1736 = 4*y, 0 = -3*s - 74 + 62. What is the remainder when y is divided by 20?
17
Let w = -1329 - -3496. What is the remainder when w is divided by 9?
7
Let c = 1034 - 1006. What is the remainder when 301 is divided by c?
21
Let j(l) = -17*l - 8. Let w(g) = -8*g - 4. Let f(a) = -2*j(a) + 5*w(a). What is the remainder when f(-9) is divided by 6/(-8